rt 25064 (base 9) to base 4.
10012321
What is -12223 (base 5) in base 13?
-572
Convert -3a1a (base 12) to base 7.
-25243
What is 123 (base 16) in base 4?
10203
-2a9 (base 16) to base 14
-369
5945 (base 13) to base 16
3113
400344 (base 5) to base 10
12599
Convert -1b272 (base 14) to base 6.
-1251512
Convert -3033 (base 5) to base 6.
-1453
What is -320132 (base 6) in base 10?
-25976
Convert -1824 (base 10) to base 4.
-130200
What is 4810 (base 16) in base 11?
12951
1221 (base 5) to base 10
186
Convert 248 (base 14) to base 7.
1221
-9477 (base 10) to base 5
-300402
Convert -811 (base 12) to base 9.
-1534
What is -640 (base 13) in base 4?
-100222
What is -4671 (base 12) in base 16?
-1eb5
Convert 2400 (base 5) to base 15.
185
What is 332 (base 4) in base 3?
2022
What is 220 (base 11) in base 16?
108
What is 13896 (base 10) in base 11?
a493
What is 1124103 (base 5) in base 15?
6138
bf (base 16) to base 5
1231
What is -3f4f (base 16) in base 13?
-74b9
Convert 13791 (base 11) to base 15.
5c06
What is 324 (base 6) in base 13?
97
Convert 21213 (base 4) to base 12.
433
Convert 1068 (base 12) to base 8.
3420
Convert 3196 (base 11) to base 4.
1001323
What is -227 (base 11) in base 8?
-417
Convert -948 (base 13) to base 6.
-11153
Convert 14110 (base 5) to base 13.
6ab
-80a (base 13) to base 10
-1362
205 (base 13) to base 2
101010111
3334 (base 9) to base 12
1511
61442 (base 7) to base 8
35177
Convert 346 (base 9) to base 14.
165
Convert -860 (base 13) to base 7.
-4112
-da68 (base 14) to base 7
-214661
222022000 (base 3) to base 10
19170
-2d2 (base 14) to base 11
-484
1401 (base 9) to base 3
1110001
-1f7 (base 16) to base 10
-503
Convert -150320 (base 7) to base 2.
-111000100101101
What is -244213 (base 5) in base 2?
-10010001011100
Convert -3d0 (base 15) to base 4.
-31212
Convert -3031 (base 10) to base 15.
-d71
Convert -10110010110 (base 2) to base 14.
-742
-20332 (base 5) to base 9
-1751
Convert 8274 (base 9) to base 11.
4610
What is -66364 (base 8) in base 13?
-c907
Convert -31 (base 6) to base 14.
-15
What is -2011100100 (base 3) in base 15?
-c909
Convert 135030 (base 7) to base 5.
1310441
641 (base 8) to base 11
34a
Convert -28469 (base 11) to base 9.
-61477
What is 3120 (base 6) in base 10?
696
Convert 7744 (base 8) to base 13.
1b0c
What is -22120 (base 3) in base 7?
-450
What is 20234 (base 8) in base 2?
10000010011100
10011011110001 (base 2) to base 14
38c1
-16932 (base 13) to base 11
-2a599
Convert 33102101 (base 4) to base 11.
43048
-4013 (base 5) to base 14
-284
1533 (base 13) to base 15
da9
-5602 (base 10) to base 12
-32aa
-240 (base 15) to base 3
-200220
What is -13130 (base 4) in base 7?
-1250
6436 (base 8) to base 5
101413
What is 9b1 (base 15) in base 7?
6250
Convert -252352 (base 7) to base 4.
-23112121
-212 (base 9) to base 4
-2231
173 (base 15) to base 2
101001101
What is -28 (base 12) in base 3?
-1012
What is 700 (base 13) in base 8?
2237
What is -110010110000 (base 2) in base 3?
-11110022
Convert -110110101 (base 2) to base 12.
-305
Convert -2112212 (base 4) to base 5.
-302023
-2279a (base 12) to base 3
-2100011201
Convert 101100 (base 2) to base 12.
38
248 (base 13) to base 11
332
What is -25212 (base 6) in base 12?
-2208
Convert 7267 (base 8) to base 9.
5145
What is 13320 (base 4) in base 6?
2200
-5235 (base 6) to base 13
-6c5
-80 (base 13) to base 7
-206
Convert -155 (base 11) to base 6.
-501
What is -24a (base 13) in base 10?
-400
-1101202 (base 3) to base 4
-33323
Convert 50300 (base 6) to base 3.
100001000
What is de (base 16) in base 12?
166
-1001011110000010 (base 2) to base 10
-38786
What is -12446 (base 8) in base 11?
-4082
Convert -10758 (base 10) to base 9.
-15673
-3b86 (base 12) to base 2
-1101011010110
Convert -97cb (base 13) to base 16.
-5283
5c05 (base 13) to base 6
140134
Convert 11413 (base 6) to base 5.
23130
What is 1a1 (base 12) in base 3?
100211
-2a0 (base 12) to base 5
-3113
Convert -31440 (base 11) to base 10.
-45782
What is -11101111111 (base 2) in base 10?
-1919
What is -1001101011101 (base 2) in base 10?
-4957
Convert -10111 (base 2) to base 13.
-1a
11110100110011 (base 2) to base 5
1000132
What is -13331 (base 5) in base 6?
-5015
-11bd (base 16) to base 8
-10675
What is -21102221 (base 4) in base 12?
-1a035
Convert -150266 (base 8) to base 6.
-1051210
7170 (base 10) to base 8
16002
-76 (base 13) to base 4
-1201
Convert 2106 (base 7) to base 13.
450
-3772 (base 8) to base 6
-13242
-1a5 (base 11) to base 3
-22202
What is 1d9 (base 15) in base 9?
526
-3b5 (base 12) to base 8
-1071
What is 4522 (base 11) in base 2?
1011101000001
What is 22b (base 12) in base 7?
641
What is -11011100011 (base 2) in base 11?
-1363
Convert 1000202000 (base 3) to base 4.
10323333
-3fb2 (base 16) to base 14
-5d2a
-1301 (base 4) to base 14
-81
What is -141233 (base 5) in base 13?
-2857
What is 102201200 (base 3) in base 8?
20546
Convert 1222110120 (base 3) to base 2.
1001100001000000
-7064 (base 9) to base 5
-131121
What is 1142 (base 7) in base 9?
518
-2101010 (base 4) to base 2
-10010001000100
What is 3323333 (base 4) in base 6?
202355
Convert 130314 (base 7) to base 10.
24168
What is 111512 (base 7) in base 14?
7309
What is 74a (base 14) in base 16?
59e
Convert 1115132 (base 6) to base 4.
31320200
1004 (base 11) to base 12
933
What is -771a (base 11) in base 9?
-14866
Convert dd (base 15) to base 5.
1313
Convert 4203 (base 6) to base 11.
784
What is 1011001 (base 2) in base 11?
81
Convert 34687 (base 9) to base 3.
1011202221
Convert -210224 (base 5) to base 12.
-4023
Convert -1366 (base 7) to base 4.
-20122
What is 1203011 (base 4) in base 6?
45205
What is -1205 (base 12) in base 6?
-13205
Convert 5996 (base 12) to base 11.
7607
Convert 330 (base 7) to base 15.
b3
Convert -121025 (base 7) to base 12.
-1086b
What is 213034 (base 7) in base 14?
d71b
-34031 (base 6) to base 12
-2917
Convert -45452 (base 6) to base 11.
-4925
Convert -bae (base 15) to base 8.
-5117
468 (base 9) to base 4
12002
Convert 100111011010000 (base 2) to base 9.
30607
-120333 (base 4) to base 8
-3077
What is -2341 (base 5) in base 6?
-1334
Convert 1047 (base 16) to base 12.
24b3
What is 10111 (base 8) in base 6?
31145
Convert 16005 (base 12) to base 4.
13212011
What is -28a (base 14) in base 3?
-201001
Convert 11220 (base 3) to base 4.
2010
-9760 (base 13) to base 3
-1001212001
1003101 (base 4) to base 5
114210
Convert 2043 (base 7) to base 3.
222120
a041 (base 11) to base 3
200022122
Convert 14101 (base 5) to base 6.
5155
Convert -34486 (base 10) to base 13.
-1290a
What is -107015 (base 9) in base 16?
-faa6
Convert 191 (base 16) to base 12.
295
What is -1651 (base 7) in base 13?
-3ca
1410 (base 7) to base 6
2310
Convert 724 (base 8) to base 10.
468
2842 (base 9) to base 12
12a8
What is 24814 (base 11) in base 7?
205521
What is -1a4 (base 14) in base 2?
-101010100
-40144 (base 7) to base 12
-5731
Convert -2414442 (base 5) to base 15.
-d4ec
What is 104410 (base 6) in base 3?
110001120
Convert 301331 (base 4) to base 3.
11101102
8808 (base 11) to base 4
2311220
-2012001 (base 3) to base 6
-11214
1202301 (base 4) to base 9
8603
-1001111010100 (base 2) to base 15
-1786
3589 (base 12) to base 8
13571
What is 2aa6 (base 13) in base 9?
8471
What is 211110 (base 4) in base 3?
10021110
What is -a387 (base 13) in base 7?
-122566
Convert -33045 (base 7) to base 3.
-102100010
Convert -10000110111111 (base 2) to base 16.
-21bf
-125433 (base 6) to base 8
-26535
Convert 76167 (base 8) to base 12.
16533
-11400 (base 5) to base 8
-1522
What is -37456 (base 11) in base 8?
-151031
Convert -16034 (base 8) to base 5.
-212241
Convert -211012010 (base 3) to base 2.
-11111100110000
Convert 342 (base 15) to base 13.
449
What is 33127 (base 9) in base 10?
21976
What is 97a (base 12) in base 7?
4024
1000010110 (base 2) to base 9
653
Convert -252 (base 6) to base 3.
-10212
-8207 (base 9) to base 2
-1011101110001
What is -296 (base 10) in base 14?
-172
Convert 242 (base 12) to base 9.
415
290 (base 13) to base 5
3310
-c (base 14) to base 7
-15
Convert -37 (base 9) to base 14.
-26
What is -15a (base 13) in base 9?
-301
Convert 750 (base 10) to base 8.
1356
What is 9520 (base 10) in base 3?
111001121
161464 (base 8) to base 14
172a8
What is 375 (base 8) in base 10?
253
Convert -39dc (base